4
In base 7, what is 104 - 122?
-15
In base 13, what is 2 - -954?
956
In base 7, what is 2 - -1041?
1043
In base 2, what is -1001 + -1001110000?
-1001111001
In base 6, what is 1 - -1315?
1320
In base 14, what is 1d5 - -12?
207
In base 5, what is -2021 + -22?
-2043
In base 12, what is -326 - -16?
-310
In base 13, what is 64 + 5?
69
In base 3, what is 21101 - -21?
21122
In base 6, what is 30 + 31?
101
In base 9, what is 650 - 2?
647
In base 5, what is -21 + -4?
-30
In base 16, what is -e - 8?
-16
In base 12, what is -2 - -195?
193
In base 9, what is -414 - 5?
-420
In base 7, what is 40 + -6?
31
In base 8, what is 12 + -166?
-154
In base 2, what is 100 + 100010110?
100011010
In base 16, what is 5 + -d6?
-d1
In base 11, what is 58 + -1?
57
In base 3, what is -202211112 - 0?
-202211112
In base 3, what is -112 - 22?
-211
In base 16, what is 5 + d0?
d5
In base 6, what is 2 - -13021?
13023
In base 12, what is -7 + 68?
61
In base 6, what is 5 + -134?
-125
In base 13, what is 65 + -2?
63
In base 2, what is 10010000111 + -10?
10010000101
In base 12, what is 7 + 9?
14
In base 8, what is 21 - 150?
-127
In base 2, what is 100 - 11011100?
-11011000
In base 4, what is 1301 - 1?
1300
In base 5, what is -134 - -14?
-120
In base 8, what is 160 - 453?
-273
In base 5, what is 1110 + -10?
1100
In base 15, what is 5 + 230?
235
In base 16, what is -153 + 0?
-153
In base 5, what is -14030 - 10?
-14040
In base 4, what is 0 - 2030?
-2030
In base 13, what is 1 + 985?
986
In base 16, what is 41 + 2?
43
In base 4, what is 133 - 3033?
-2300
In base 14, what is -2169 - 0?
-2169
In base 10, what is -3 - -28?
25
In base 8, what is -7 + 15?
6
In base 15, what is b - -1?
c
In base 13, what is ac + 5?
b4
In base 14, what is -2b2 + 56?
-25a
In base 3, what is 11 - 101110?
-101022
In base 6, what is 24 - -2214?
2242
In base 2, what is -11000100 + -10010101?
-101011001
In base 10, what is -54 + -5?
-59
In base 2, what is 101010100000 + -10?
101010011110
In base 6, what is 13 + 402?
415
In base 4, what is -2 + 133?
131
In base 5, what is -3 - 2012?
-2020
In base 6, what is -40 - -152?
112
In base 6, what is 30450 + 2?
30452
In base 13, what is -5 + bc?
b7
In base 2, what is -11000101 - 0?
-11000101
In base 4, what is 13132 + 3?
13201
In base 4, what is -110 - 101?
-211
In base 9, what is -3377 + -4?
-3382
In base 16, what is -199 + 0?
-199
In base 13, what is 185b - -4?
1862
In base 7, what is -5 - 40?
-45
In base 15, what is 0 - -21e?
21e
In base 15, what is -372 + 14?
-35d
In base 14, what is -1 - 1775?
-1776
In base 14, what is 3b + 177?
1b4
In base 14, what is 8 + -30?
-26
In base 16, what is 10 - -25?
35
In base 15, what is d + -44?
-36
In base 8, what is 216 + -4?
212
In base 3, what is 202122 + 0?
202122
In base 13, what is -4aa - 1?
-4ab
In base 13, what is 6 - -363?
369
In base 14, what is -6 - 55?
-5b
In base 13, what is 146 + -28?
11b
In base 9, what is -2 + 470?
467
In base 9, what is -36 + 0?
-36
In base 9, what is -4 - 10?
-14
In base 7, what is -146034 - 5?
-146042
In base 7, what is 3124 - 1?
3123
In base 5, what is 30 + 11?
41
In base 14, what is 200 + -2?
1dc
In base 14, what is 0 + 166?
166
In base 7, what is 15 + -134?
-116
In base 4, what is -2 + 210130?
210122
In base 8, what is 521 - -5?
526
In base 12, what is 1a - 99?
-7b
In base 13, what is -2 - 5c?
-61
In base 10, what is 17444 - -3?
17447
In base 7, what is -246 - 36?
-315
In base 6, what is -24 - 3135?
-3203
In base 8, what is 60 - 14?
44
In base 10, what is 109 + 6?
115
In base 5, what is 11 + -120240?
-120224
In base 15, what is -6 + -40?
-46
In base 11, what is 4 + -16?
-12
In base 12, what is 2 + -68b?
-689
In base 2, what is -1011001101 - 11?
-1011010000
In base 9, what is -17 + -14?
-32
In base 6, what is -4 + 4?
0
In base 13, what is -b + -1035?
-1043
In base 15, what is -781c - 3?
-7820
In base 14, what is 2 + 2b0?
2b2
In base 3, what is 20 + 1111?
1201
In base 4, what is 2 - -3013?
3021
In base 2, what is 100101011 - 1100?
100011111
In base 14, what is -3 - 7d?
-82
In base 15, what is -80b3 + 3?
-80b0
In base 10, what is 56 - -6?
62
In base 13, what is -4c + 0?
-4c
In base 6, what is -10412 - 1?
-10413
In base 6, what is 23 + 20?
43
In base 6, what is 1 + 115?
120
In base 8, what is -3571 + 0?
-3571
In base 2, what is -101001 + 1?
-101000
In base 15, what is a9 - -3?
ac
In base 11, what is 3 + -185?
-182
In base 14, what is 61a3 + 4?
61a7
In base 6, what is -243 + 45?
-154
In base 7, what is -40 - -5?
-32
In base 15, what is -4c - 0?
-4c
In base 8, what is 4051 - 2?
4047
In base 7, what is -462 - 4?
-466
In base 14, what is 0 - 39?
-39
In base 5, what is -2344 - 2?
-2401
In base 2, what is 11001111 + 10?
11010001
In base 4, what is 11 - 10100?
-10023
In base 16, what is 1af - -5?
1b4
In base 7, what is -4 - -302?
265
In base 10, what is -1 - -13?
12
In base 9, what is 3437 - -5?
3443
In base 8, what is -172 - 7?
-201
In base 15, what is 127 + -1?
126
In base 6, what is 521 - 11?
510
In base 7, what is 1 - 24661?
-24660
In base 13, what is a + 17c?
189
In base 4, what is -11122313 - -10?
-11122303
In base 8, what is -2256 - 1?
-2257
In base 11, what is 52a1 - 2?
529a
In base 11, what is -3 - 343?
-346
In base 13, what is -5 + -9?
-11
In base 12, what is 96b + 1?
970
In base 2, what is -100 - 101100?
-110000
In base 4, what is -10 + 1202?
1132
In base 16, what is 3f8 - 3?
3f5
In base 7, what is -2 + -202?
-204
In base 4, what is -201 - 22?
-223
In base 9, what is 1 - -36?
37
In base 15, what is -3 - 1b?
-1e
In base 2, what is 100 - -10010101?
10011001
In base 3, what is 112 + 12?
201
In base 13, what is 5 + -2709?
-2704
In base 4, what is 10 + 133?
203
In base 15, what is 149 - -4?
14d
In base 8, what is 2333 - 27?
2304
In base 14, what is -251 - 1?
-252
In base 7, what is -60616 - 4?
-60623
In base 3, what is 1002102 + -11?
1002021
In base 11, what is 3 - -6?
9
In base 3, what is -11 - 12210?
-12221
In base 2, what is 101 - 1010100001?
-1010011100
In base 16, what is d4 - -4?
d8
In base 13, what is -86 - -4?
-82
In base 5, what is 22404 + 1?
22410
In base 9, what is 3 - -25?
28
In base 3, what is 10 + 22?
102
In base 8, what is 2762 + 1?
2763
In base 6, what is -10 - 2?
-12
In base 16, what is 30a + -5?
305
In base 11, what is 9 - 13?
-5
In base 2, what is 100 + 10101?
11001
In base 15, what is -2 - -6bc?
6ba
In base 6, what is 13 + -10533?
-10520
In base 4, what is 203 + 31303?
32112
In base 13, what is -96 + 1?
-95
In base 3, what is 11000 - -11?
11011
In base 2, what is 100 - 1001010?
-1000110
In base 12, what is 66b + 3?
672
In base 3, what is -1001 + 101?
-200
In base 9, what is 1025 - 4?
1021
In base 11, what is -5 - -8?
3
In base 14, what is 67 + 8?
71
In base 6, what is 4 + -103?
-55
In base 12, what is 318 - -1a?
336
In base 4, what is -3 - -12200?
12131
In base 6, what is -24010 - -2?
-24004
In base 12, what is -9 + -880?
-889
In base 2, what is 1101000110111 + -10?
1101000110101
In base 7, what is 44 + -4?
40
In base 9, what is 15 + 32?
47
In base 10, what is 22 - 231?
-209
In base 4, what is 12 - -100?
112
In base 10, what is 1 + 268?
269
In base 7, what is -42 + 3?
-36
In base 16, what is 4a0 - 3?
49d
In base 4, what is 2122 + 11?
2133
In base 11, what is -2 + 571?
56a
In base 13, what is -5b + -5?
-63
In base 7, what is -15 + 1?
-14
In base 8, what is 104 + -3?
101
In base 2, what is 1101001 + 10111?
10000000
In base 5, what is 4 - 3031?
-3022
In base 6, what is 134 + -4?
130
In base 12, what is 4 + 51?
55
In base 14, what is 8 + -10b?
-103
In base 8, what is 2 - -533?
535
In base 15, what is -20 - 72?
-92
In base 15, what is -2 + -176?
-178
In base 3, what is 121 - -1012?
1210
In base 5, what is 2 - 1333?
-1331
In base 6, what is 2 - -23?
25
In base 15, what is -6 - 12d?
-134
In base 11, what is -1 - a79?
-a7a
In base 8, what is -1 - -252?
251
In base 13, what is 10a - 18?
c2
In base 15, what is 18d + 3?
191
In base 11, what is -1 - -31?
30
In base 3, what is -111111011 - 12?
-111111100
In base 7, what is -1 - -32601?
32600
In base 4, what is -110022 + 0?
-110022
In base 11, what is -a9 + -1?
-aa
In base 13, what is 4 + -39?
-35
In base 13, what is -3 - 5c9?
-5cc
In base 4, what is 2131 - -13?
2210
In base 16, what is 56 + 1cc?
222
In base 7, what is -324 - 20?
-344
In base 2, 